uppose f - 327 = -4*s, -4*s + 965 = -0*f + p*f. Is f a prime number?
False
Let x be ((-924)/(-10))/(3/10). Suppose -2*n + u + 991 = 0, x = 4*n - 5*u - 1689. Is n prime?
False
Is (1313 + 141)*2/((-4)/(-17)) composite?
True
Suppose -4*q - l + 2*l = -16, -2*l - 8 = 0. Suppose -3*h - 436 = -5*x + 139, q*x - 345 = 5*h. Is x prime?
False
Suppose -2*n - 2*n + 0*n = 0. Suppose n = 22*a - 4*a - 13428. Is a a composite number?
True
Suppose 6*n - 11*n = -3*b + 60420, -4*n - 12 = 0. Is b composite?
True
Let r be ((-8)/(-3) + -3)*-807. Suppose 0 = -3*a - 4*x - 448, 4*x = 2*a + r + 43. Let q = a - -309. Is q a composite number?
False
Let d be 90/(-40)*((-8)/(-3))/(-2). Suppose 0*o + d*g = o - 401, -3*o - 4*g + 1229 = 0. Is o a composite number?
True
Let g(t) = -t + 14. Let y be g(11). Suppose 0 = -y*z - z - 60. Is (-4576)/(-10) - z/(-25) a composite number?
False
Suppose -3*r = -3*m + 22764, 2*m - 2*r + 7597 = 3*m. Is m a composite number?
False
Is (-1239)/(-236)*(-5384)/(-6) composite?
True
Suppose -23*n = -25*n + 2746. Is n a composite number?
False
Suppose -4*c + 27425 = -24155. Suppose 72*t - 77*t = -c. Is t a composite number?
False
Suppose -4*k - 1081 = 187. Let a = 460 + k. Is a a composite number?
True
Suppose 0*v = 7*v + 93702. Is v/(-8) - (-4)/(-16) prime?
False
Suppose -4*s + 3*v - 12 = -4, 0 = -4*v + 16. Is (s/(-3))/(3 - (-25888)/(-8628)) a prime number?
True
Let z(s) = -21*s**3 + 2*s**2 + 3*s - 3. Let w be z(-3). Suppose -6*d = -w - 2925. Is d a composite number?
True
Is (81403 + 10 + -12)/1 composite?
False
Suppose -4*x - 11 = 5*p, 5 + 7 = -3*x. Suppose -4*z + 3*z + p = 0. Is z/(-1 - (-492)/489) a composite number?
False
Let a = -702 + 2525. Is a + (0/2)/(-1) a composite number?
False
Let y(f) = 47*f**2 - 5*f - 9. Let b be y(-4). Suppose 3*c = h - 409, 5*h - 3*h - b = -5*c. Let g = h + -173. Is g prime?
False
Let z = -2362 + 5579. Is z a composite number?
False
Let y(a) = 3 + 2 - 5*a - 5*a - 4. Let l be y(-4). Let x = l - -278. Is x prime?
False
Let m(z) be the third derivative of z**6/120 - z**5/30 + z**4/2 + 5*z**3/6 + 14*z**2. Is m(7) composite?
True
Suppose 2*x + 24 = -4*r, -2*x - 3*x = r + 15. Let l(g) = -55*g + 2. Let z be l(x). Suppose 5*o = z + 718. Is o prime?
False
Let o = 465 + 357. Let h = -451 + o. Is h a composite number?
True
Suppose 0 = -2*l - 2*t + 30, -2*l + 4*t = -0*t - 24. Let z(w) = w**2 - 32 + 17 + 18 - 2*w - w. Is z(l) a prime number?
True
Suppose -5*j - 2994 = -2*m, -5*j + 4251 = 4*m - 1737. Let v = 2584 - m. Is v composite?
False
Let g(w) = -4662*w + 235. Is g(-10) composite?
True
Let s be 5 + (-3 - (0 + -3)). Suppose -s*x = -616 - 129. Is (x/(-2))/((-1)/2) prime?
True
Suppose -2*m + 924 = -6*m. Let b = 260 - m. Is b a composite number?
False
Suppose 0 = -12*l + 188 - 8. Is (30/(-8))/l - 6493/(-4) prime?
False
Let s(v) = 215*v**2 + v + 121. Is s(-12) prime?
True
Let h = -7144 - -14413. Is h prime?
False
Let g(x) = 3*x**2 + 39*x - 7. Is g(-28) a prime number?
False
Let f = -7648 + 11915. Is f composite?
True
Let t(z) be the second derivative of 15*z**3/2 - z**2 - 4*z. Is t(5) a prime number?
True
Let o = -1 - -4. Suppose i - 35 = o*l - 10, -3*l = 4*i - 160. Is i a prime number?
True
Let p be (-3342 + 4)/(-2) + -1. Suppose -1656 = -6*j + 3*j - 5*s, s - p = -3*j. Is j composite?
False
Suppose 2*g + 42163 = 19*b - 16*b, 5*b = -2*g + 70245. Is b prime?
True
Suppose -4*n + 15531 = 2463. Let v = n + -1046. Is v a composite number?
False
Suppose 5 = -g, -89 = l + 2*l + g. Is (l/12)/(2/(-246)) a composite number?
True
Let m = -18 - -18. Suppose -3*n + 0*n + 3297 = m. Is n prime?
False
Let h(d) = -5 + 100*d + 47*d + 47*d + 133*d. Is h(2) prime?
False
Suppose 5579 = 20*u - 7761. Is u a prime number?
False
Let w = 99 - 97. Is w/(-11) - (-9477)/33 a prime number?
False
Suppose -5*p = 5*v - 25, 2*v + 0*v - 17 = -3*p. Let m(n) = 20. Let t(o) = -o - 19. Let x(b) = -2*m(b) - 3*t(b). Is x(p) composite?
True
Let o(k) = -k**3 + 5*k + 1. Let u be o(-8). Let l = -942 + u. Let j = -278 - l. Is j a composite number?
False
Let x(w) = 7*w + 1. Let j be 4/14 - (-54)/7. Let t = 11 - j. Is x(t) a prime number?
False
Let k = -1 + 1. Suppose -3*y + 6 + 0 = k. Suppose y*z - 2 = 2. Is z composite?
False
Suppose -3 = -4*h + 9. Suppose 0 = -h*g - 464 - 484. Is (-2 + g)/(-3 + 1) a prime number?
False
Let u be 6/4*328/6. Let y(w) = 6*w**2 - 1. Let f be y(1). Let g = u - f. Is g composite?
True
Let f(p) = 169*p**2 - 6*p + 53. Is f(6) prime?
True
Let l(m) = 2503*m**2 + 22*m - 3. Is l(-8) a composite number?
True
Suppose 17*m = 6*m + 42977. Is m a prime number?
True
Let r be (-3 - 60/(-16))*12. Is 2/r + (-13622)/(-18) a prime number?
True
Suppose 2*q - 3*j + 26 = 0, j - 42 = -5*q + 9*q. Let x be (-2)/(-3 - -1) - 17. Let o = q - x. Is o composite?
True
Is (-2)/(-14)*0 + 5 - -41196 a prime number?
True
Let i = 820 - 305. Let v be (-423)/(-2)*(0 + 4). Let x = v - i. Is x composite?
False
Is 0 + 0 - (3 + -6 - 3646) prime?
False
Suppose 19*y + 4165 = 24*y. Suppose y = 5*o - 452. Is o composite?
False
Suppose -17*d + 20*d - 2439 = 0. Suppose -378 = -3*v + d. Is v a prime number?
True
Suppose -4*v = 4*i - 588, 2*v + 0*i = 3*i + 284. Suppose -22 = -3*k - 2*u - 0*u, 2*k - 13 = -u. Let y = v + k. Is y composite?
False
Let q(z) = -6*z**3 - 6*z**2 - 20*z - 15. Is q(-8) prime?
True
Let y(w) = -w**2 + 9*w - 12. Let g be y(7). Suppose g*h = -h + 1497. Is h a prime number?
True
Let d be 56/21*(-99)/(-4). Let k be 3134/7 + (-4)/(-14). Suppose -l + d = -4*z - 55, -4*l + k = 2*z. Is l a prime number?
True
Let z be (44/(-4))/((-2)/94). Let u = z + -228. Is (10 + -9)/(1/u) prime?
False
Let h be ((-28)/(-5))/((-12)/(-30)). Let a = 15 - h. Is a + (-2 + -3)*-1 a prime number?
False
Let g(l) = -l**3 - l. Let c(k) = 8*k**3 - 2*k**2 - 1. Let d(y) = -c(y) - 3*g(y). Is d(-4) prime?
False
Let o(q) = -25 - 3*q + 16 + 5*q. Let y be o(6). Is ((-2)/y)/(2/(-447)) a composite number?
False
Suppose -372*i = -381*i + 21555. Is i a prime number?
False
Suppose -2*j + 0*j = -4. Suppose 97 + 63 = j*i. Is (-18)/27 - i/(-3) composite?
True
Suppose 0 = -55*b - 18942 + 494857. Is b a composite number?
True
Suppose 0 = -5*o + 5, 6*o = -3*q + o + 2006. Let f = 1140 - q. Is f a composite number?
True
Let o(m) = -15*m**3 + 5*m**2 - 4*m + 1. Let k be o(3). Let p = 482 - k. Is p prime?
True
Let t = -12 + 18. Is 5754/(-9)*(-9)/t a composite number?
True
Let q = -21710 - -38043. Is q composite?
False
Suppose 2*u = -2*u - 80. Is 3452*(u/16)/(-5) composite?
False
Let a = 3936 - -10291. Is a prime?
False
Let j(t) be the first derivative of 19*t**2/2 + 5*t - 6. Is j(18) a composite number?
False
Let s be (-3)/6*-44*4. Is (-2)/(-9) - s/(-9) a prime number?
False
Let i = 1 + 1. Let x(y) = -18*y**2 + 3*y + 26*y**2 + i + y. Is x(-2) composite?
True
Let s(i) = i**3 + 11*i**2 + 8. Let r be s(-11). Let x(w) = -w**2 + 10*w - 2. Let h be x(r). Suppose h*l = 19*l - 1435. Is l prime?
False
Suppose 0*w + 2*w - 98 = -3*a, 0 = 5*a - 5*w - 155. Suppose 3*n + 4*c - a = 0, -n - 5*c = -4*n + 14. Suppose -n*i + 999 = 31. Is i prime?
False
Suppose -16 + 4 = -3*f. Suppose 5*q - 41 = -4*b + 2*q, -f*b + 5*q = -17. Is 1782/b + (-2)/(-8) composite?
False
Suppose -44*m = -45*m + 2333. Is m composite?
False
Let a = -2385 - -4641. Let j = -1441 + a. Is j composite?
True
Let c(b) be the first derivative of 10*b**3/3 + b**2 - 11*b + 11. Is c(7) a composite number?
True
Let v = -670 + 1743. Let q = -400 + v. Is q a prime number?
True
Suppose 0 = 27*i - 1711 - 1907. Is i a composite number?
True
Suppose -5*q + 7*q - 8 = 0. Suppose -d - q*d = -2*z - 1109, 4*z + 880 = 4*d. Is d prime?
True
Suppose -3*y - 49*c = -44*c - 17206, 0 = -y - c + 5736. Is y prime?
True
Let a(p) = 2207*p - 87. Is a(4) a composite number?
False
Let q(y) = 22*y**2 - 71*y + 35. Is q(24) a prime number?
True
Suppose 19*j + 35050 = 29*j. Is j a prime number?
False
Let x = 423 + -300. Is (x - 8/2)/1 a composite number?
True
Let c(d) = -2*d**2 - 17*d + 13. Let l(a) = -2*a**2 - 18*a + 12. Let v(y) = -7*c(y) + 6*l(y). Is v(-14) a composite number?
True
Suppose 46177 = 6*p - 10589. Is p a prime number?
True
Is (-2404730)/(-35) + ((-12)/(-14))/2 composite?
True
Is (13196/(-4))/((-28)/140) a composite number?
True
Let f(n) = 35*n**2 - 6*n + 65. Is f(9) a composite number?
True
Sup